164dca
In base 15, what is -46 - -3a0c1?
3a07a
In base 2, what is -11110101100 - -10110101000010110?
10110001001101010
In base 13, what is 981 - 857?
127
In base 6, what is -3313 + -233500?
-241213
In base 10, what is 1963 - -146076?
148039
In base 12, what is -1601745 - -3?
-1601742
In base 11, what is -195 + -96001?
-96196
In base 5, what is 1322 - 31324?
-30002
In base 14, what is -66cd614 + 3?
-66cd611
In base 16, what is 2053d8 + 19?
2053f1
In base 4, what is -102000211 + -102003?
-102102220
In base 12, what is -2b2b3 + 9980?
-21533
In base 15, what is 0 + -23440d?
-23440d
In base 12, what is 1100ba + -ab2?
10b208
In base 5, what is -43224243331 - -1?
-43224243330
In base 10, what is -230 - -19000?
18770
In base 13, what is 28 + b6472a?
b64755
In base 3, what is -10111020010 - -212?
-10111012021
In base 15, what is -4d3a8e0 - -1?
-4d3a8de
In base 14, what is 497 - d87?
-8d0
In base 11, what is -3 - -1344984?
1344981
In base 12, what is 85473a0 - 5?
8547397
In base 8, what is 3 - -17564543?
17564546
In base 13, what is -695c76b + -8?
-695c776
In base 6, what is 50 + -1435130?
-1435040
In base 11, what is a218a + 1441?
a3620
In base 9, what is -373570 + -322?
-374002
In base 16, what is 366e - f67?
2707
In base 3, what is 11020120001 + 1212121?
11022102122
In base 8, what is 1 + 11676016?
11676017
In base 15, what is -1d1466 + 3?
-1d1463
In base 2, what is 1000110 - 10010110011100110?
-10010110010100000
In base 5, what is 120013 - 231443?
-111430
In base 13, what is -184 + -81ba?
-8371
In base 10, what is 106516 - 71?
106445
In base 14, what is -8539 + 1307?
-7232
In base 8, what is -1272742 + -2435?
-1275377
In base 4, what is -1122330211 + -111?
-1122330322
In base 8, what is 2224 - -3241?
5465
In base 6, what is 11225000503 - 12?
11225000451
In base 2, what is 10001 - 11001111110010001010?
-11001111110001111001
In base 8, what is -172 - -431354?
431162
In base 2, what is 100 + 100011110111111001111001?
100011110111111001111101
In base 7, what is -4 - -1035562345?
1035562341
In base 3, what is -110022012 - 210012110?
-1020111122
In base 15, what is -a2a549 - 5?
-a2a54e
In base 9, what is -1707 + 581757?
580050
In base 13, what is 5239 + -82a?
470c
In base 12, what is 2077588 + -6?
2077582
In base 16, what is a7 + -119f?
-10f8
In base 13, what is -2 + 139b578?
139b576
In base 15, what is 174bb - -94?
17560
In base 5, what is -100010000123 - -3?
-100010000120
In base 6, what is 2214541131 + -22?
2214541105
In base 12, what is 38 - 219a0?
-21964
In base 16, what is 922767 + 3?
92276a
In base 6, what is 12325340 - -10?
12325350
In base 12, what is 17477719 + 3?
17477720
In base 12, what is -18 + 2a40321?
2a40305
In base 12, what is -7417 + 12538?
7121
In base 15, what is -51bb + -28c?
-5458
In base 8, what is 712 + 2362014?
2362726
In base 9, what is -26488 + -10570?
-37168
In base 12, what is -97b + -55348?
-56107
In base 13, what is 9c0 - 3b01?
-3111
In base 14, what is -4c837 + 832?
-4c005
In base 15, what is aa2 + 5817?
63b9
In base 16, what is -c - -111c4b?
111c3f
In base 3, what is -22200021 - 2002211100?
-2102111121
In base 7, what is -120632 - 1323?
-122255
In base 3, what is 10 + -220122121212?
-220122121202
In base 6, what is 1022253 + -3540?
1014313
In base 3, what is -121210 + -22210112221?
-22211011201
In base 2, what is -101110000101 + 1101000101111111?
1100010111111010
In base 4, what is 11 + -1100210102232?
-1100210102221
In base 14, what is -6758582 + 1?
-6758581
In base 2, what is 1001111100110101011101010 - -10?
1001111100110101011101100
In base 7, what is 122 + -1664604?
-1664452
In base 15, what is -6 - -743323a?
7433234
In base 6, what is -400554102 + 24?
-400554034
In base 6, what is 254143125 + -4?
254143121
In base 12, what is -3 + -462999b?
-46299a2
In base 6, what is -5353252 + -2204?
-5355500
In base 15, what is -19219 - 509?
-19723
In base 8, what is 5 - 352417?
-352412
In base 8, what is -2 + -15261202?
-15261204
In base 12, what is 0 - -35a659?
35a659
In base 5, what is 23 - -42431124022?
42431124100
In base 11, what is -38 + -258865?
-2588a2
In base 14, what is 370 - -a790c?
a7c7c
In base 12, what is -17443 - 135?
-17578
In base 6, what is -143 + 155212?
155025
In base 8, what is -5 - 54127452?
-54127457
In base 5, what is 1123014 + 20124?
1143143
In base 4, what is 33322301 - 232?
33322003
In base 12, what is 52009 - -70?
52079
In base 16, what is 15563 + -3f5?
1516e
In base 12, what is -16 - -1072656?
1072640
In base 6, what is -11454 + 145341?
133443
In base 3, what is -22010201 + 101201111?
2120210
In base 9, what is -1226624 - 222?
-1226846
In base 9, what is -302 + 1310000?
1308587
In base 15, what is -18 + 108021?
108008
In base 7, what is 311014 - 1153?
306531
In base 13, what is -4 + 1c2a15a4?
1c2a15a0
In base 9, what is 143 - 327713?
-327560
In base 9, what is -611 + 12181?
11470
In base 7, what is 12 + 65022454?
65022466
In base 8, what is -14562533 - 12?
-14562545
In base 2, what is 101011 - -100010101010100011001?
100010101010101000100
In base 4, what is 11203 - 2103033?
-2031230
In base 7, what is 4624331 + 6?
4624340
In base 10, what is -402692 + -135?
-402827
In base 2, what is 101100001010101 + 11001000010?
101111010010111
In base 11, what is -184401746 - 0?
-184401746
In base 15, what is 113b + -46d24?
-45bd8
In base 6, what is 150423 + -20101?
130322
In base 14, what is -39 + 2a35b?
2a322
In base 10, what is -3 - -19889168?
19889165
In base 6, what is -31 + -402041224?
-402041255
In base 11, what is -a40aa + 95?
-a4015
In base 9, what is -60255745 - 0?
-60255745
In base 8, what is 1 - 10325347?
-10325346
In base 6, what is -1205553 - -345?
-1205204
In base 9, what is -5813583 - 10?
-5813603
In base 12, what is 107b660a3 + 3?
107b660a6
In base 4, what is -211011011 + 3122?
-211001223
In base 2, what is 100 + 10100100011110001110110?
10100100011110001111010
In base 8, what is -23 - 10650365?
-10650410
In base 8, what is 1113116346 - 1?
1113116345
In base 14, what is 4dab33 - -11?
4dab44
In base 4, what is 13 + 11131023101?
11131023120
In base 15, what is 8d551 + -82?
8d4be
In base 14, what is 5 + 65495b6?
65495bb
In base 4, what is 10 - 33101010110?
-33101010100
In base 7, what is -4 + -41152614?
-41152621
In base 6, what is 1142 + 1103213?
1104355
In base 10, what is -533 + -113901?
-114434
In base 13, what is -67b428 - 6?
-67b431
In base 8, what is -1073506237 - -5?
-1073506232
In base 13, what is -206 - 61b335?
-61b53b
In base 3, what is 210 + 2010221000102220?
2010221000110200
In base 8, what is -66 - 1702217?
-1702305
In base 5, what is -1134203413 + -102?
-1134204020
In base 12, what is 4 + -251b181?
-251b179
In base 14, what is dc39 + 58?
dc93
In base 10, what is 81 + -1643994?
-1643913
In base 7, what is 23423366206 - -1?
23423366210
In base 11, what is -31442 - -267?
-31186
In base 10, what is -38 - -32425?
32387
In base 12, what is 2 + 52077a8?
52077aa
In base 10, what is -12 + -22127574?
-22127586
In base 12, what is 205 - 476a?
-4565
In base 11, what is 39 + -64a3417?
-64a3389
In base 9, what is 237524772 - 5?
237524766
In base 2, what is 101110010100010010 - -101011110?
101110011001110000
In base 13, what is -15bc5a - 3?
-15bc60
In base 13, what is 2 - 742c7c4?
-742c7c2
In base 8, what is 2 - -17730302?
17730304
In base 11, what is 351092 - 254?
350939
In base 13, what is 23ca - -49a?
2897
In base 6, what is -2025254 - -205?
-2025045
In base 13, what is -3 + 17152a52?
17152a4c
In base 16, what is -4792f2 - d2?
-4793c4
In base 10, what is 9 + 164742?
164751
In base 14, what is 16 - 37b170?
-37b158
In base 8, what is 2 - -157674144?
157674146
In base 13, what is 18b63c4a - -4?
18b63c51
In base 11, what is -2 - -92a0a33?
92a0a31
In base 6, what is 3 - 335253111?
-335253104
In base 4, what is -20021 - -100201032?
100121011
In base 4, what is -32000212 - -2202?
-31332010
In base 16, what is 3 - 197526?
-197523
In base 13, what is -912716 - -11?
-912705
In base 4, what is 2333100021 - -1022?
2333101103
In base 6, what is -401 + -142414?
-143215
In base 16, what is -1ff14a54 - -3?
-1ff14a51
In base 10, what is -1678 - -176?
-1502
In base 15, what is 20e9 - 9ed?
15eb
In base 5, what is 4 + 1104324414?
1104324423
In base 2, what is 10101110101100001011101101 + -10?
10101110101100001011